n(-1)?
1
What is the thousands digit of -10 + -54545*(-3)/15?
0
Let r(t) = -t**3 + 24*t**2 - 101*t - 44. Let u be r(18). Suppose 5*i = 3*z - 192, 0*i - 2*i + 4*z = 74. Let l = i + u. What is the units digit of l?
3
Let h = 35519 - 24803. What is the ten thousands digit of h?
1
Let j(h) = 3*h**2 - 10*h + 23. Let f = 129 - 124. Suppose -f*b - 80 = -5*u, 4*b - b = u - 26. What is the hundreds digit of j(u)?
2
Suppose 0 = c + 4*u - 10, 2*c - 2 = -4*u + 10. Let x be 3 - (-1 + c + 4). What is the units digit of ((-3)/x)/(6/212)?
3
Suppose 3*k - 4*d = 4 + 14, -k + 7 = -d. Suppose -13*p = -k*p - 1197. What is the tens digit of p?
9
Suppose -5*a - 4*z + 118325 = 0, 0 = a - 2*z + z - 23674. What is the thousands digit of a?
3
Suppose -10*t - 8 = -28. Suppose 0 = -t*p + y + 833, -y - 4*y - 1260 = -3*p. What is the hundreds digit of p?
4
Suppose -2823*d = -2817*d - 18. Suppose 14 = 4*y + 2. Suppose -282 = -3*p + d*l, 6*l = -y*p + l + 282. What is the tens digit of p?
9
Suppose k + 2*k - 12 = 0. Suppose -4*g = 4*y - k - 4, g + 6 = -3*y. What is the units digit of g?
6
Let g = -725 - -344. Let x = g + 686. What is the tens digit of x?
0
Suppose 1 = -4*p - 3*z, 0 = -p + z + 5. Let h be (0 + 0 + -6)*(-1)/p. Suppose -2*l + d + 163 = 0, h*l - d - 3*d - 242 = 0. What is the tens digit of l?
8
Suppose -2 = -2*x + 3*i + 10, 5*x - 20 = 5*i. Suppose -163*f + 158*f + 2290 = x. Suppose -2*l = -5*z + f, l - 390 + 124 = -3*z. What is the units digit of z?
0
Suppose -3*w - 25 = 3*j - 4, -w = -3*j - 1. What is the hundreds digit of (57 + -60)/(j/198)?
2
Suppose -74*o + 79*o + 4*t = 1533, -5*o = -2*t - 1491. What is the tens digit of o?
0
Suppose -g + 18 = 2*r - 5*g, -16 = -2*r + 2*g. Suppose -3*d = -r*d - 1788. What is the tens digit of (-7)/(-49) + d/(-7)?
6
Let o(x) = x**3 - 7*x**2 + 4*x + 3. Let z(w) = -w**3 + 14*w**2 + w - 8. Let l be z(14). Let m be o(l). What is the tens digit of (m/2)/(15/(-390))?
1
Suppose 17 = 3*l - 5*i, 3*l = -0*l + 2*i + 5. What is the tens digit of (l/(36/16173))/(6/(-8))?
9
Let l be 30/16 + 2/16. Suppose -471 = l*z - 1841. What is the units digit of z?
5
Let q be (7/(-7))/(4/(-210432)). Suppose 45*i = 77*i - q. What is the units digit of i?
4
What is the thousands digit of ((-3)/9)/((-2)/1040454)*8/24?
7
Let a(s) = -2*s**3 + 3*s**2 - 1. Let z be a(-2). Let j = 41 - z. What is the units digit of j?
4
Let p be (-2 + -614*2)*40/(-50). Suppose -17*g = -19*g + p. What is the tens digit of g?
9
Let n = 118708 + -80885. What is the thousands digit of n?
7
Let a = -8 + -2. What is the tens digit of (-4770)/(-4)*-4*a/60?
9
Suppose -3*p - 259 = -x - 0, 0 = 5*p + 10. Let j be (-6)/8 - 69/(-12). Suppose -j*s + w + x = 0, w = -3*w - 12. What is the units digit of s?
0
Let q be (-1)/(-3)*99*(160 + -3). Suppose -14739 + q = -27*y. What is the tens digit of y?
5
What is the hundreds digit of (1*1074 + 1)/(236/3068)?
9
Suppose 2*w = 4*f - 1058, 15*w - 514 = -2*f + 13*w. Let a = -72 + f. What is the units digit of a?
0
Let x = -52 - -59. Let v(q) = 3*q**2 - 7*q - 18. Let l be v(x). Suppose l = 58*c - 56*c. What is the units digit of c?
0
Let k be (1600/(-60) - (-1)/(-3)) + -3. What is the hundreds digit of k/20*(-1724)/6?
4
Let d = -270 - -277. Suppose -10*c = d*c - 5831. What is the hundreds digit of c?
3
Let m(x) = -17*x - 29. Let h be m(-5). Let t = 6 + h. Let p = t - -13. What is the tens digit of p?
7
What is the thousands digit of 8/(-10)*((-45)/6)/(-3)*-10207?
0
Let t = -37 - -35. Let x be (-5)/t*20*(4 - 3). What is the tens digit of (-1 - 3/(-2))*x?
2
Let j = 1214 + -122. Let s be (-2)/(-2 - j/(-548)). Let z = -161 + s. What is the hundreds digit of z?
1
Let f(m) be the third derivative of m**5/20 - 5*m**4/12 - 28*m**3/3 - m**2 - 50. What is the thousands digit of f(22)?
1
Suppose -3*s - 19 = -2*p, -4*s + 0*s = 5*p + 10. What is the hundreds digit of p/1 + 3776/4?
9
What is the units digit of -9 + ((-3526290)/(-60))/(3/2)?
2
Let l = -136 - -161. Suppose l*y - 72 = 24*y. What is the units digit of y?
2
Let j = 63 + -57. Let k be j*1/(12/10). Suppose k*z - 32 = -0*h + 3*h, 4*h = -3*z + 25. What is the units digit of z?
7
Let n be (12/(-4) - 11/(-3))*9. What is the tens digit of 33/11*26/n?
1
Let t(y) = -y**3 + 25*y**2 - 23*y - 29. Let l be t(24). What is the tens digit of (61/1 - l) + -6?
6
Let w(b) = 1344*b + 3376. What is the thousands digit of w(11)?
8
Let j(q) = 3*q**2 - 7 - 12*q - 8 - 4*q**2 + 6. Let s be j(-11). What is the units digit of (-1505)/(10/(-2)) + s?
3
Suppose 117 = b + 123. Let c = -65 + 143. What is the units digit of (-3)/b*c*4?
6
Suppose 0 = l + l - 8. Let p(z) = z**3 - 8*z**2 + 5*z. Let k(m) = m**3 - 7*m**2 + 3*m. Let t(r) = -5*k(r) + 4*p(r). What is the units digit of t(l)?
4
Let y(g) be the third derivative of -41*g**7/5040 + g**6/72 - 17*g**5/60 - 29*g**2. Let k(l) be the third derivative of y(l). What is the units digit of k(-3)?
3
Let m = 1216 - 616. Suppose 9*k - m = -33. What is the tens digit of k?
6
Suppose -75*x + 16*x + 8412595 = 56*x. What is the units digit of x?
3
Suppose 3*l + 3 = 81. Suppose l*w - 1162 = 12956. What is the tens digit of w?
4
Suppose -2 + 10 = -4*h, h = 4*a + 2. Let s be -1 + a + -15 + 3. Let f(t) = -2*t + 46. What is the units digit of f(s)?
4
Let v(d) = d**3 - 11*d**2 - 10*d - 19. Let q be v(12). Suppose q*s + 3206 = 12*s. What is the hundreds digit of s?
4
What is the units digit of 362/3439 + 2468286/38?
5
Let z(k) = 94*k + 50. Let i be z(29). Let p = i - 1516. What is the units digit of p?
0
Suppose -205*s = -247*s + 3150. What is the units digit of s?
5
Suppose -4*n - 9878 = -2*m, -4*m + 3*m = -4*n - 4951. What is the tens digit of m?
2
Let j be (-3)/(-15) + (-13223)/(-35) + -8. Let p = j - 172. What is the units digit of p?
8
Let r(v) = -23*v**3 + 35*v**2 + 15*v + 70. Let h(y) = -8*y**3 + 12*y**2 + 5*y + 24. Let x(a) = -17*h(a) + 6*r(a). What is the hundreds digit of x(-3)?
1
Suppose 514*j - 16 = 510*j. Suppose -3*a - j*h + 1332 = 0, -h = 2*h - 9. What is the hundreds digit of a?
4
Let l(x) = x + 2. Let m be l(-1). Suppose 4*n - n = 7*n. What is the units digit of -1*((n/m - 39) + 3)?
6
Let h(z) = 263*z**2 + z + 28. Let c be h(7). Suppose -8*w = 18*w - c. What is the units digit of w?
7
Suppose 5*g - 4*r + 2097 = 0, -4*g + 3*r = -2*g + 836. Let x = g + 1172. What is the hundreds digit of x?
7
Suppose 215 - 65 = 25*r. Suppose -4*m + 3*z = -1642, -4*m - 11*z = -r*z - 1658. What is the units digit of m?
2
Let w = -15 - 30. Let k = w + 49. Suppose 3*x - b - 4*b = 563, k*b - 804 = -4*x. What is the hundreds digit of x?
1
Suppose 15*v - 64 = -4. Suppose -4*t + 8*m - 3*m + 2267 = 0, -4*m - 2272 = -v*t. What is the tens digit of t?
7
Let r(q) = -4*q - 9. Let j be r(-5). Suppose j*o + 11*o - 17358 = 0. What is the tens digit of o?
8
What is the units digit of (-12331)/(-2) - (21 + -1 + (-22659)/1162)?
5
Let o(q) = q**2 - 9*q - 54. Let j be o(-5). Suppose -13*y - j*y + 19720 = 0. What is the units digit of y?
0
Let f(m) be the first derivative of -3*m**4/4 - 4*m**3/3 + 2*m**2 - 2*m + 7. Let o be f(2). Let c = 7 - o. What is the tens digit of c?
4
Suppose -s + 4*s = -2*o - 630, o = -5*s - 322. Let m = 1031 + o. What is the units digit of m?
9
Let u be ((-54)/(-45))/(6/(-45)). Let x(f) = 8*f**2 - 9*f - 8. What is the tens digit of x(u)?
2
Let k = -35 - -40. Let x be 4 - (5 - (8 - k)). Suppose -5*d + 231 = -x*d. What is the units digit of d?
7
Suppose -20*j - 22*j + 41*j = 0. Suppose 5*c - 1283 - 767 = j. What is the hundreds digit of c?
4
Let s(i) be the second derivative of 3*i**5/20 + 11*i**4/12 + 7*i**3/6 - 27*i**2/2 - 80*i. What is the hundreds digit of s(6)?
0
Let m(i) = -6*i + 107. Let p be m(16). Suppose 784 = p*s + 3*s. What is the units digit of s?
6
Let p(d) = -d**3 - 6*d**2 + 227*d - 110. What is the thousands digit of p(-35)?
7
Let g = 88 - 11. Suppose -5*x + 3250 = -5*s, -8*s - 1295 = -2*x - 5*s. Suppose x + g = 6*h. What is the tens digit of h?
2
Let p(u) = -u**2 - 9*u - 12. Let n be p(-6). Let l be 52/n - ((-66)/(-18) - 4). Suppose -3*k - 594 = -l*k. What is the units digit of k?
9
Let c(u) be the third derivative of u**6/30 - u**5/10 + u**4/3 - 7*u**3/6 + 3*u**2 + 39*u. Let o = 10 - 7. What is the tens digit of c(o)?
7
Suppose -2*y - 10 = -3*p - 3*y, 5*y + 10 = 0. Suppose -p*t + 41 = 5